0*i**3 - 20*i**2 + 21*i + 583. Is w(-18) composite?
True
Let l(t) = 5*t**2 + 26*t - 8. Let s(i) = -6*i + 57. Let u be s(11). Is l(u) prime?
True
Let i(p) = 3*p + 253. Let n = 17 + -38. Let o be n - -18 - 3/((-1)/1). Is i(o) composite?
True
Is ((-343)/98)/((-42)/8482596) a prime number?
True
Let b(l) = 1700*l - 41. Let n(z) = -1699*z + 41. Let y(s) = -5*b(s) - 4*n(s). Is y(-5) a prime number?
False
Suppose 0*s + l = 5*s + 66, 0 = -5*l - 20. Let q = 24 + s. Suppose -6*w - q = -160. Is w composite?
True
Let s be (2 + (-55)/15)/((-1)/3). Suppose -3*a = -2*j - a + 2802, -4*a = s*j - 6987. Is j prime?
True
Let t = -31 + 27. Let i be 4/((-4)/49) - t. Is i/(-105) - (-3)/(21/6682) composite?
True
Let t(c) = c**2 - 13*c + 34. Let x be t(10). Suppose 3*g - z + 406 = 5034, -x = -4*z. Is g a composite number?
False
Let c be 3 + -5 + -2 + 7. Suppose -g = -c*j + 17, -g + 0*j - 1 = j. Let f(r) = -10*r - 3. Is f(g) a prime number?
True
Let i(p) = -3*p - 33. Let s be i(-11). Suppose s = -4*q + 152 + 204. Is q composite?
False
Let z(v) = v**3 - 14*v**2 + 14*v - 13. Let a be z(13). Suppose 2*u + a*u + 6 = 0. Is 4383/12 + u/12 composite?
True
Suppose 14*n = 18*n - 452. Suppose k - 2594 - n = 0. Is k prime?
True
Let o = 134490 - 51373. Is o prime?
True
Let f be 3183 + 8/20*5. Suppose 5*m = 2*m - 738. Let t = m + f. Is t a prime number?
True
Let a(o) = 195858*o**3 + 6*o**2 - 7*o + 6. Is a(1) a prime number?
True
Let t(m) = -m**3 + 15*m**2 - 3*m - 6. Let q(f) = f**2 + 18*f - 5*f - 3*f + 3 - 9*f. Let h be q(-3). Is t(h) a composite number?
True
Let f(t) = -310*t + 157. Let j be (-1 + 2)/(12/(-60)). Is f(j) composite?
True
Suppose -20196 = -5*a + 21*r - 18*r, 4*a - 3*r - 16158 = 0. Let x = 10985 - a. Is x a composite number?
False
Suppose 5*w - q + 3 = 12, 5*w - 7 = 3*q. Suppose -7*i = -x - w*i + 2796, 5*i = -x + 2826. Is x a prime number?
False
Let a(w) = -10039*w + 3125. Is a(-62) a prime number?
True
Suppose -21*h + 24 + 81 = 0. Suppose 0 = -2*z + 7*z - 5, -2*c - h*z + 23359 = 0. Is c prime?
True
Suppose 2*m = 3*x + 375850, 4*m + 2*x + 280626 = 1032390. Is m prime?
False
Suppose 5*b = -51*x + 46*x + 7180, 0 = -3*b + x + 4312. Is b composite?
True
Suppose -2*o - 145109 = -h - 2126378, o - 4*h - 990659 = 0. Is o prime?
True
Let d(u) = 153*u + 1. Let o(q) = -458*q - 3. Let w(r) = -11*d(r) - 4*o(r). Let l(x) = 14*x**2 - 42*x + 5. Let p be l(3). Is w(p) a composite number?
True
Let j(s) = 194*s**2 - 395*s + 62*s**2 + 2 + 400*s. Is j(-1) a prime number?
False
Let t(j) = j**3 - 14*j**2 - j + 25. Let m be t(14). Suppose h + n + m = 5*n, 5*n = -h + 25. Suppose -2*v + v + 151 = 4*b, 156 = v + h*b. Is v a prime number?
True
Let t = -829 + 1456. Suppose -t*h + 623*h + 1564 = 0. Is h a composite number?
True
Let u = 412 + -382. Let r(v) = v**3 - 30*v**2 + 70*v - 74. Is r(u) a prime number?
False
Suppose -2*c + 18*t = 23*t + 13764, 2*c = 3*t - 13732. Let i = c + 10675. Is i a prime number?
True
Suppose 2*y = -4*q + 353894, 84*y - 86*y + 353891 = 3*q. Is y a prime number?
False
Let k(w) = 2*w**2 - 51*w + 15. Let q be k(25). Let j(s) = -6*s**3 + 12*s**2 + 1. Is j(q) composite?
True
Is 40/6*(825432/5)/4 - 7 a prime number?
False
Suppose 9*d - 14*d + 800 = 0. Is (-6 - -4)*-1 + d + 1 a composite number?
False
Suppose 20 = 8*u + 4. Suppose 17527 = u*d - 13275. Is d prime?
True
Let w be (46/(-69))/(4/(-82626)). Suppose 2030 + w = 3*u. Is u a composite number?
True
Let a(h) = -103*h + 36. Let b be 378/(-15) + 5/25. Is a(b) a prime number?
False
Suppose 4*s + 79*o - 76*o + 3 = 0, s + 12 = -3*o. Suppose -3*d - j = -29741 + 7446, s*j + 22311 = 3*d. Is d composite?
False
Suppose 32229 + 45258 = c - u, 3*c = -3*u + 232473. Is c prime?
True
Suppose -12 - 18 = 5*u. Is ((-5601)/u)/(11/22) a prime number?
True
Is (309798/(-108))/(3/(-6)) a prime number?
True
Let h = -41 + 45. Suppose -k + 6*k - 15 = -5*b, -h*k = 2*b - 8. Suppose -3*p = -m + p + 111, p + b = 0. Is m a composite number?
False
Is 684/72 + 81165/14 a composite number?
False
Is (118/531 - 275/(-18))*30026 prime?
False
Suppose 5*k + 2*a = 449, 2*a = 2*k - 45 - 129. Suppose -5*j + k = -66. Is j a prime number?
True
Suppose -2*c - 3*z = -4*z + 6, 3*c + 2*z + 16 = 0. Is (2/c - 1)/(3/(-14078)) composite?
False
Let s(r) = -41*r - 5 - 45*r - 14. Let n = 1574 + -1582. Is s(n) a prime number?
False
Suppose -2*r = c - 7, c = -2*c - 4*r + 19. Let t be -4 - (-7)/((-35)/(-20)). Suppose t*q + 4*q = p - 247, c*q = 25. Is p composite?
True
Suppose -2*m + 0*m + 3*p = 12, 5*m - 3*p + 12 = 0. Suppose m = -24*f + 175970 + 8086. Is f prime?
True
Let m = 77851 + -26090. Is m a prime number?
False
Let s = -585 + 1235. Suppose -4*p = 6*p - s. Is p a composite number?
True
Suppose -n + d = 4*n - 271806, -3*n + 163086 = -3*d. Is n prime?
True
Suppose 0 = -12*k + 22885 + 66527. Is k a prime number?
True
Let a = -34 - -39. Let c(t) = t**3 - 6*t**2 + 4*t + 9. Let u be c(a). Suppose 5*l - 309 = -k, u*k - 382 - 926 = -2*l. Is k a composite number?
True
Is (-10)/2 - (-1111124)/14 a prime number?
False
Is (-20 - -19461)/(2/6) prime?
False
Suppose -22 = 2*c + k + 18, 0 = -c + 5*k - 20. Let i be (c/(-8))/(3/6). Suppose 2*o = 3*g - 1251, -5*g + i*o + 1785 = -295. Is g prime?
True
Suppose -p + 2*p + 20 = 0. Let d = 13 + p. Is (326 - 0)*d/(-14) composite?
False
Suppose 3*r = 4*y + 193, r - 61 = 2*y + y. Suppose b = 3*t - r, 0 = 5*t - 5*b - 0*b - 105. Is t a prime number?
True
Let i(k) be the third derivative of -29*k**2 - 5/8*k**4 + 0 - 6*k**3 + 0*k. Is i(-7) prime?
False
Suppose 5*o = 5*z + 60, 0*o - z - 25 = -2*o. Let b = o - 46. Is (-18889)/(-11) + 6/b prime?
False
Let f = -101 - -108. Suppose 0 = f*w - 44596 - 6567. Is w a composite number?
False
Suppose 5*l + 19 = p + 7, -5*l = -5*p + 120. Suppose 22*t = p*t - 16355. Is t a prime number?
True
Let s = -29 - -31. Suppose -s*l + 3*i + 9 = -8, 2*l = -2*i + 2. Is (l/(-10))/((-7)/1085) prime?
False
Let u = 172 + -138. Suppose u*t - 166405 - 121473 = 0. Is t prime?
True
Let c(m) = -m**3 + 7*m**2 + 54*m - 364. Let j be c(7). Let d(n) = -249*n + 62. Let b(v) = -249*v + 61. Let i(h) = -3*b(h) + 2*d(h). Is i(j) prime?
False
Suppose 3649825 = u + 24*u. Is u a composite number?
True
Suppose -12*q + 4*q = 2*q. Suppose q = -d + 1558 + 884. Let y = -535 + d. Is y a prime number?
True
Is (-224)/(-35) + -7 - 7273470/(-75) composite?
False
Suppose 30*d - 204161 = 46532 + 268037. Is d prime?
True
Let k(r) be the second derivative of -3*r**5/10 + 2*r**4/3 + 11*r**3/6 - 7*r**2/2 - 70*r. Is k(-3) a prime number?
False
Let q be 11/22 - 18/(-4). Suppose -q*x + 20997 = -2*v, -v = 3*v - 16. Is x composite?
False
Let l be 3 + 6/(-9) + (-17093)/(-3). Suppose -3*h + m = -l, 5*h - 5*m = -3*m + 9499. Is h prime?
True
Let c(g) be the first derivative of 13*g**3/3 + g**2/2 - 37*g - 65. Is c(12) composite?
False
Let w = 3362 - 2223. Suppose 0 = 7*t - 5878 + w. Is t composite?
False
Let t = 154 + -140. Suppose 3*a - 272 = -5*o - t, a - 4*o - 103 = 0. Is a a composite number?
True
Let h(r) = -8106*r - 2615. Is h(-48) composite?
True
Let x = -1417 + 2039. Suppose x + 188 = -5*t. Let o = 571 + t. Is o a composite number?
False
Let y be 51879 + (2/(-6))/((-1)/12). Suppose -10*i + y = 3*i. Is i prime?
False
Suppose 226290 = 3*b + j, j = 4*b - 205815 - 95912. Is b composite?
False
Suppose 2*h + 0*k - 25834 = -2*k, 0 = -5*h + 2*k + 64543. Is h a composite number?
False
Let a(s) = -1027*s - 85. Let b be a(8). Let k = b - -13190. Is k a prime number?
True
Let j be (3 - 131/(-2))/(2/(-20)). Suppose 3*h - 2888 = 2*h. Let t = h + j. Is t composite?
False
Let g = -23703 - -96442. Is g composite?
False
Suppose 2*q = -2*b + 820, -2*q - b + 819 = -0*q. Is q composite?
False
Is (96/(-33) - -3) + 8756396/121 a prime number?
True
Suppose 2*t = t + 8. Suppose -t*r - r = -4*r. Suppose 4*k - 159 = -5*x, r = -x - 3*x - 4*k + 124. Is x composite?
True
Let v(g) = 152*g**3 + 7*g**2 - 16*g + 4. Is v(5) a composite number?
True
Suppose -41979503 = -474*j + 415*j. Is j a composite number?
False
Suppose -3*p - 16*x = -21*x - 40368, -x = p - 13448. Is p prime?
True
Let a = -101 + 137. Let p be (-4 + a/8)*0 - -2. Suppose -z + 1347 = p*z - 3*s, 2*s = z - 452. Is z a composite number?
True
Suppose -30 = -10*h + 70. Suppose 5*x - f = -0*f + 22953, -5*f = -h. Is x prime?
True
Is 479